
False
Is 9578887 a composite number?
False
Is 1992633 composite?
True
Is 103307 a composite number?
False
Is 24777485 a prime number?
False
Is 2836597 composite?
False
Is 4515923 a composite number?
False
Is 1814507 a prime number?
True
Is 4491203 composite?
False
Is 4570987 prime?
True
Is 4200629 a composite number?
False
Is 6465749 a composite number?
False
Is 27306167 prime?
False
Is 299121 composite?
True
Is 18765311 a prime number?
True
Is 608242123 prime?
True
Is 86692651 prime?
False
Is 12367 a composite number?
True
Is 3402067 a prime number?
False
Is 3247967 composite?
True
Is 40134079 a composite number?
False
Is 57283279 prime?
True
Is 5700307 composite?
False
Is 27428703 composite?
True
Is 6545059 a prime number?
True
Is 6451273 composite?
True
Is 3756047 a composite number?
True
Is 97770749 prime?
True
Is 201438751 composite?
False
Is 341519 prime?
False
Is 1166597 prime?
True
Is 2143417 a composite number?
False
Is 8078127 a prime number?
False
Is 1473763 prime?
True
Is 72533 a prime number?
True
Is 82861661 prime?
True
Is 14464091 a composite number?
False
Is 10140499 a composite number?
False
Is 7084943 composite?
True
Is 27655157 a composite number?
False
Is 466162013 composite?
True
Is 1267133 a composite number?
True
Is 1902779 prime?
True
Is 50648329 a prime number?
True
Is 67122197 prime?
False
Is 25189739 prime?
False
Is 12368051 a prime number?
True
Is 11817807 a composite number?
True
Is 67720363 prime?
True
Is 131612137 composite?
False
Is 26751899 a prime number?
True
Is 74770141 prime?
True
Is 36554183 a composite number?
True
Is 1494078341 composite?
True
Is 134503 a composite number?
False
Is 34206545 a prime number?
False
Is 167371597 prime?
True
Is 112069267 a composite number?
False
Is 2461139 a composite number?
False
Is 30426635 a prime number?
False
Is 3156955 a composite number?
True
Is 3593017 a prime number?
True
Is 2100671 prime?
False
Is 31456291 a prime number?
True
Is 629143 a composite number?
False
Is 272893 a composite number?
True
Is 7399181 a composite number?
False
Is 1951735 a composite number?
True
Is 5116967 composite?
False
Is 506177147 prime?
False
Is 14155651 a composite number?
False
Is 93051995 a prime number?
False
Is 2760077 a composite number?
False
Is 57589927 a prime number?
False
Is 233589641 a composite number?
True
Is 2217857 a composite number?
False
Is 2037881 a composite number?
False
Is 40084439 prime?
True
Is 1607959 prime?
False
Is 1248749 composite?
True
Is 37381859 prime?
False
Is 2213126 a composite number?
True
Is 3180157 prime?
False
Is 91055411 composite?
False
Is 206212759 composite?
False
Is 930269 a prime number?
True
Is 3364993 a composite number?
True
Is 215945 a prime number?
False
Is 15707831 a composite number?
True
Is 15227473 prime?
True
Is 99555539 composite?
True
Is 37815311 a prime number?
True
Is 25172179 composite?
True
Is 16960143 composite?
True
Is 15433931 a prime number?
True
Is 272465653 prime?
False
Is 1214319 a prime number?
False
Is 5629061 composite?
False
Is 850891 a composite number?
False
Is 1717109 a prime number?
False
Is 1453589 composite?
True
Is 52780543 a composite number?
False
Is 23159729 a prime number?
False
Is 1505657 a prime number?
True
Is 46544041 a composite number?
True
Is 40765841 a prime number?
True
Is 1268571 a composite number?
True
Is 20425673 a composite number?
False
Is 80167 a composite number?
False
Is 238280321 prime?
False
Is 14822089 prime?
False
Is 7972957 composite?
False
Is 2662027 prime?
True
Is 46313 composite?
True
Is 1293542 prime?
False
Is 2943163 a prime number?
False
Is 55303387 a composite number?
True
Is 154527353 a prime number?
False
Is 194271361 prime?
True
Is 5405819 composite?
False
Is 18797738 a prime number?
False
Is 2421059 prime?
False
Is 177297467 a composite number?
False
Is 82155091 a composite number?
True
Is 9435757 prime?
True
Is 19093361 a prime number?
False
Is 29395741 composite?
True
Is 21399221 a composite number?
False
Is 29569731 a prime number?
False
Is 36404621 a prime number?
False
Is 5944931 a prime number?
True
Is 2925541997 composite?
True
Is 80957 prime?
False
Is 27523919 a prime number?
True
Is 10700931 prime?
False
Is 70014847 prime?
False
Is 1830701 composite?
False
Is 52575017 a composite number?
True
Is 2798437 prime?
True
Is 5214593 prime?
True
Is 249485073 a composite number?
True
Is 690817 prime?
True
Is 90061007 a composite number?
True
Is 27187711 prime?
False
Is 1422023 a composite number?
False
Is 40846247 composite?
True
Is 14197019 a composite number?
False
Is 1932353 a prime number?
True
Is 898691 a prime number?
True
Is 4190501 prime?
False
Is 321913 composite?
True
Is 2536429 a prime number?
False
Is 17446619 a composite number?
True
Is 92235833 a composite number?
False
Is 54157237 prime?
False
Is 3735173 composite?
True
Is 94140965 composite?
True
Is 49356067 prime?
True
Is 952037 prime?
True
Is 11016367 composite?
False
Is 11397317 composite?
False
Is 443235343 prime?
False
Is 1687633 composite?
False
Is 10606699 prime?
False
Is 2283559 a prime number?
False
Is 51929 a prime number?
True
Is 798304943 composite?
False
Is 8318546 composite?
True
Is 10191633 prime?
False
Is 102886151 a composite number?
False
Is 19692319 prime?
True
Is 17126393 prime?
False
Is 45428377 a prime number?
True
Is 38160311 a prime number?
False
Is 759986 prime?
False
Is 515573 a prime number?
False
Is 14388419 prime?
True
Is 76118551 prime?
False
Is 9731791 a prime number?
False
Is 250478545 a prime number?
False
Is 117544177 prime?
True
Is 12464233 a prime number?
True
Is 16206142 a prime number?
False
Is 3767237 composite?
False
Is 29149601 a composite number?
True
Is 353199485 prime?
False
Is 1795147 prime?
False
Is 2318077 a composite number?
False
Is 136085783 composite?
True
Is 6250949 prime?
True
Is 88534993 a composite number?
True
Is 187046363 composite?
True
Is 14740487 prime?
True
Is 8425423 composite?
False
Is 13654531 composite?
True
Is 8204869 composite?
True
Is 5961533 a prime number?
True
Is 124086329 a composite number?
False
Is 2670331 a composite number?
False
Is 29337629 prime?
True
Is 28494953 a prime number?
False
Is 2671493 composite?
True
Is 908606711 prime?
True
Is 7578407 a composite number?
False
Is 612751703 a composite number?
False
Is 2856349 composite?
False
Is 175560527 prime?
False
Is 566179 a composite number?
False
Is 797590367 a composite number?
True
Is 728459 a composite number?
True
Is 349269061 a composite number?
False
Is 15223307 composite?
True
Is 37328933 prime?
True
Is 112741 a composite number?
False
Is 3081971 prime?
False
Is 22137911 prime?
False
Is 50907341 a composite number?
False
Is 27603031 a composite number?
False
Is 141172901 a composite number?
False
Is 109937491 composite?
False
Is 1414453 a composite number?
False
Is 22047583 a prime number?
True
Is 3213979 composite?
False
Is 17180089 prime?
True
Is 1543567433 prime?
True
Is 3445349 prime?
False
Is 221849 a composite number?
False
Is 14931809 a composite number?
False
Is 58963682 prime?
False
Is 329993 composite?
False
Is 3032773 a prime number?
True
Is 616799 prime?
True
Is 2392125563 a prime number?
True
Is 352701833 composite?
True
Is 1639423 a prime number?
False
Is 63647989 a prime number?
False
Is 41271749 a prime number?
True
Is 26647721 prime?
False
Is 34336607 prime?
True
Is 639833 composite?
False
Is 1560329 a composite number?
True
Is 4439189 a composite number?
True
Is 90449321 composite?
True
Is 2894341 a composite number?
False
Is 5883233 prime?
True
Is 13315753 composite?
True
Is 48380197 prime?
True
Is 2422901 composite?
True
Is 140061647 a composite number?
True
Is 3747935 a prime number?
False
Is 39367739 a composite number?
True
Is 1838065 composite?
True
Is 1120219 a prime number?
True
Is 22293109 a prime number?
True
Is 19394434 a prime number?
False
Is 9983789 a prime number?
True
Is 5552473 a prime number?
False
Is 221617157 composite?
True
Is 48727207 a composite number?
True
Is 62944309 prime?
True
Is 40897471 prime?
True
Is 3236647 a composite number?
True
Is 1158855337 a composite number?
True
Is 682567 a prime number?
False
Is 195523 a prime number?
False
Is 13340647 a prime number?
False
Is 3488501 composite?
False
Is 35431199 a compos